
Convert -152716 (base 9) to base 5.
-11001034
29a (base 15) to base 2
1001010011
What is -44ac8b (base 14) in base 11?
-1355254
What is 161363 (base 8) in base 3?
2221200211
Convert 1100204023 (base 5) to base 11.
1365a80
What is 113001232 (base 4) in base 5?
11004233
1011101111101000100000 (base 2) to base 8
13575040
Convert 1275153 (base 11) to base 13.
5c1954
What is 112221022011 (base 3) in base 9?
487264
1100011110100110001 (base 2) to base 14
a901b
871460 (base 11) to base 16
154088
Convert -b9e35 (base 15) to base 3.
-1002222221112
1010212120112 (base 3) to base 7
5110436
Convert 218a3 (base 13) to base 15.
13039
What is -22212012012 (base 3) in base 9?
-285165
What is -146032 (base 9) in base 16?
-15e60
What is -559329 (base 15) in base 8?
-17442701
What is 20041213 (base 5) in base 4?
212303111
-1e40d (base 16) to base 13
-44531
180850 (base 9) to base 2
11011011001100110
What is 31132230121 (base 4) in base 6?
203423121
What is -608513 (base 9) in base 14?
-95571
What is -ba36 (base 16) in base 3?
-2102101120
Convert -7453d (base 14) to base 4.
-1010211123
What is 223332243 (base 6) in base 5?
2021234234
54a672 (base 11) to base 4
3112111232
Convert 11527382 (base 9) to base 16.
55e125
Convert 8b5 (base 13) to base 12.
a50
What is -4023000 (base 6) in base 12?
-91a60
What is -30133314 (base 5) in base 13?
-8521a
Convert -1250225 (base 7) to base 6.
-3300225
Convert -17e32 (base 15) to base 10.
-77447
81dc4 (base 15) to base 8
1443534
Convert -1352635 (base 7) to base 16.
-2c359
Convert -12747555 (base 9) to base 7.
-104321045
What is 1834883 (base 10) in base 8?
6777603
-10040554 (base 6) to base 5
-33112314
What is -1197202 (base 10) in base 4?
-10210102102
Convert -12a560 (base 15) to base 3.
-1200111112000
Convert -3464b (base 12) to base 6.
-1300135
Convert 1110101111000011101 (base 2) to base 10.
482845
1212450 (base 6) to base 4
33221232
-171267 (base 10) to base 16
-29d03
100120012211200 (base 3) to base 4
103120311213
What is 183b6a (base 13) in base 5?
123431234
What is -1363a09 (base 11) in base 13?
-64281b
-122121 (base 10) to base 11
-8382a
-3832002 (base 9) to base 5
-1013302413
What is -28746 (base 11) in base 7?
-230013
Convert -a49cca (base 16) to base 9.
-22262363
-2772120 (base 8) to base 13
-215798
Convert -53633503 (base 8) to base 6.
-1050041443
Convert 201222100202 (base 3) to base 14.
a3414
What is 278009 (base 13) in base 5?
221210343
Convert 11100101010101111000 (base 2) to base 11.
591856
-21643566 (base 7) to base 8
-7121027
What is 123351515 (base 6) in base 10?
2409671
What is 11202131223 (base 4) in base 3?
2201202121110
Convert -54661 (base 9) to base 15.
-ab27
-335015045 (base 6) to base 11
-34a6882
-101130322 (base 5) to base 14
-a9c93
-111200000200020 (base 3) to base 14
-d710ab
What is -304103133 (base 6) in base 10?
-5233953
-5a508 (base 12) to base 7
-1014530
140231333 (base 5) to base 14
1473d2
What is 1642883 (base 10) in base 9?
3073545
Convert 14b4b9 (base 12) to base 2.
1010101110100001101
Convert 5862d (base 15) to base 13.
9b1a3
b300 (base 13) to base 3
1020211212
100000001111000010001 (base 2) to base 8
4017021
What is 22111102200001 (base 3) in base 15?
5e30ad
-561572 (base 15) to base 2
-1111101010010000010000
-1294cb9 (base 13) to base 9
-11876373
-114154 (base 9) to base 6
-1245504
Convert -262658 (base 9) to base 3.
-22002201222
-13254200 (base 7) to base 8
-4525633
What is -394183 (base 13) in base 8?
-5207230
What is -916a8a (base 11) in base 6?
-51325134
110104303 (base 5) to base 14
c4269
What is 142000444 (base 5) in base 10?
734499
-16641551 (base 8) to base 16
-3b4369
3773c6 (base 16) to base 8
15671706
Convert 100220101 (base 5) to base 15.
7ce86
What is -c05534 (base 16) in base 3?
-212201101102122
What is 954a5 (base 11) in base 13?
4b381
Convert 50837 (base 13) to base 4.
203031023
What is -41025025 (base 7) in base 2?
-1101000010100011110101
What is -60caba (base 14) in base 16?
-31c62c
668552 (base 9) to base 16
61a48
9a687a3 (base 11) to base 4
1003112003331
Convert -919b5c (base 13) to base 15.
-470022
Convert -134614 (base 10) to base 6.
-2515114
7137250 (base 10) to base 11
403535a
Convert 112200113233 (base 4) to base 14.
ad80b5
What is -40655 (base 9) in base 15?
-7e05
What is -2120301112 (base 4) in base 9?
-1153327
What is 21313022313 (base 4) in base 6?
131224503
What is -27ba40 (base 13) in base 2?
-11101100011011100110
Convert -77932b (base 12) to base 13.
-518243
Convert 8229 (base 14) to base 5.
1204011
-25237 (base 8) to base 13
-4c74
Convert 20022121200 (base 3) to base 8.
362734
8776880 (base 10) to base 7
134413400
-10100001010000 (base 2) to base 10
-10320
What is -25eebb (base 15) in base 16?
-1bcef3
-20122210122010 (base 3) to base 16
-360054
Convert -4711247 (base 9) to base 15.
-354837
-10664652 (base 8) to base 7
-25504132
Convert -1529094 (base 10) to base 4.
-11311110012
What is 213012303 (base 5) in base 11?
56a660
Convert 88867 (base 11) to base 14.
34d33
Convert -573066 (base 8) to base 15.
-3c7a2
826bc (base 13) to base 16
39243
Convert -105882 (base 12) to base 3.
-111010220022
6422664 (base 7) to base 11
492267
What is -21310020002 (base 4) in base 16?
-274202
Convert 327883 (base 10) to base 7.
2533633
What is -858810 (base 9) in base 5?
-112333221
Convert -22301021 (base 4) to base 14.
-12105
-36604 (base 7) to base 2
-10010101010111
-80b5b9 (base 14) to base 6
-232520235
What is 11427666 (base 8) in base 13?
698124
What is 221503 (base 7) in base 10?
39007
What is -22010000121 (base 3) in base 4?
-212332303
Convert -2545a5 (base 16) to base 6.
-124204341
Convert 391a7e (base 15) to base 13.
74bc04
-10200021220 (base 3) to base 2
-10001101011000000
-457030 (base 10) to base 6
-13443514
What is -10740306 (base 9) in base 13?
-110b323
What is -342213410 (base 5) in base 7?
-15642114
5433012 (base 6) to base 3
111122220022
Convert -20a0c70 (base 13) to base 11.
-5680099
Convert 443260 (base 10) to base 16.
6c37c
What is -aab1b (base 13) in base 16?
-4b8d7
-121141550 (base 6) to base 11
-1330742
-5b0865 (base 12) to base 13
-3c78b0
What is -110110101111001111 (base 2) in base 10?
-224207
Convert 503343 (base 9) to base 15.
5d329
-463302 (base 8) to base 14
-414d4
Convert -610403 (base 12) to base 4.
-11301231003
Convert -6321a (base 12) to base 13.
-47191
-246588 (base 9) to base 16
-246d1
18cf4 (base 16) to base 4
120303310
Convert 2c77c (base 16) to base 8.
543574
392363 (base 13) to base 15
1c2a25
Convert -110011011110000101101001 (base 2) to base 4.
-303132011221
-284270 (base 9) to base 11
-109584
-110101100001000000 (base 2) to base 9
-363615
Convert -3170022 (base 9) to base 11.
-a607a6
-2183e7 (base 15) to base 11
-9a1061
7c6b8 (base 14) to base 6
10255334
Convert -1343005 (base 7) to base 2.
-101011101000010100
-6425624 (base 8) to base 3
-10020010122221
-411011 (base 7) to base 14
-1b708
Convert -34122114 (base 5) to base 14.
-7bc62
-15036663 (base 7) to base 14
-28ddda
-66154414 (base 7) to base 6
-321404531
What is 69848 (base 14) in base 13?
8cb89
What is -100013111110 (base 4) in base 6?
-230313044
What is -132b11b (base 13) in base 9?
-12287770
What is b98788 (base 12) in base 13?
7bb7aa
Convert 1bc096 (base 13) to base 9.
1304546
What is 10142114 (base 5) in base 2?
10100100001000010
What is -1b445 (base 12) in base 13?
-154b8
-432012111 (base 6) to base 8
-35143753
Convert 1232154554 (base 6) to base 7.
233162614
What is -4b197a (base 12) in base 7?
-13265632
Convert 11001010000101110 (base 2) to base 15.
209d0
10212111110011 (base 3) to base 15
2a9677
What is 254114 (base 9) in base 8?
454471
What is -211012001210 (base 3) in base 15?
-895e9
443405302 (base 6) to base 15
a83715
What is -97717 (base 11) in base 8?
-425177
Convert -230045 (base 6) to base 12.
-b325
57a297 (base 11) to base 8
3407470
-189331 (base 12) to base 7
-3442543
31155482 (base 9) to base 14
1dbbb5b
What is -27967 (base 13) in base 6?
-1331031
What is -1030530 (base 6) in base 14?
-146c6
What is 90835 (base 10) in base 16?
162d3
-667533 (base 8) to base 10
-225115
Convert -c7599 (base 13) to base 8.
-1275252
10110001110100100001 (base 2) to base 16
b1d21
Convert 213120312 (base 4) to base 5.
20130314
What is 106355131 (base 8) in base 4?
10121312211